615419 prime?
False
Is 810201349 a prime number?
False
Is 2674507259 a composite number?
True
Is 982689497 a prime number?
True
Is 3594214543 composite?
True
Is 2942784965 composite?
True
Is 8028487231 composite?
True
Is 76904668383 prime?
False
Is 16607641499 a composite number?
False
Is 10432981939 a prime number?
True
Is 20370170567 a prime number?
True
Is 2386176323 composite?
True
Is 28812769837 a prime number?
True
Is 8694241957 a composite number?
False
Is 2308523381 prime?
False
Is 2645211581 a prime number?
True
Is 1679223239 a prime number?
False
Is 880762781 composite?
False
Is 850777841 a composite number?
False
Is 51032144951 a composite number?
True
Is 404914361 composite?
True
Is 1566139357 a composite number?
False
Is 3348116093 prime?
False
Is 29614713941 a composite number?
False
Is 192561769 a composite number?
True
Is 2237720293 a composite number?
True
Is 2197678981 a prime number?
False
Is 81629812961 prime?
True
Is 407838289 prime?
False
Is 12393625462 a prime number?
False
Is 339560003 prime?
True
Is 211123729 composite?
True
Is 887362363 prime?
True
Is 7607657293 a prime number?
True
Is 226519451 a composite number?
False
Is 2505219917 a composite number?
False
Is 4930080515 prime?
False
Is 78356573 composite?
True
Is 260044493 prime?
False
Is 1620352837 a composite number?
False
Is 110171318133 composite?
True
Is 5387839085 prime?
False
Is 24494347217 a composite number?
True
Is 109540249345 composite?
True
Is 1429773259 a prime number?
True
Is 5922081871 a composite number?
True
Is 3319505201 prime?
True
Is 15864305923 a prime number?
False
Is 12226110467 a prime number?
False
Is 3582424421 a composite number?
True
Is 1912570541 a composite number?
True
Is 9043285047 a prime number?
False
Is 34032923927 composite?
True
Is 63822861251 a prime number?
False
Is 1332736687 prime?
True
Is 23896598113 a prime number?
True
Is 379878283 a composite number?
False
Is 2182254463 composite?
True
Is 521806741 composite?
True
Is 31689271351 prime?
True
Is 7194416759 a prime number?
False
Is 5033335613 prime?
False
Is 11977598441 prime?
False
Is 19161884507 composite?
False
Is 2032937717 prime?
True
Is 677932859 prime?
False
Is 10806371611 prime?
False
Is 182777685419 prime?
False
Is 20205954491 a composite number?
True
Is 2082670823 prime?
False
Is 104665802 prime?
False
Is 268834843 a composite number?
True
Is 77628869 a prime number?
True
Is 1915474819 composite?
False
Is 30215830763 a prime number?
True
Is 942748171 prime?
False
Is 1996555529 a composite number?
True
Is 8555171759 prime?
False
Is 1543363727 prime?
True
Is 76206233291 composite?
False
Is 402430789 a prime number?
True
Is 71198253769 a composite number?
False
Is 687893 a prime number?
True
Is 55898467 a prime number?
False
Is 90053039 a prime number?
True
Is 827858951 prime?
True
Is 339904687 a prime number?
True
Is 7639297129 a prime number?
False
Is 16780008781 prime?
True
Is 1087276529 composite?
True
Is 120679252721 a composite number?
False
Is 4394336651 composite?
False
Is 692755897 a prime number?
True
Is 1277677379 a prime number?
False
Is 1481325337 composite?
True
Is 120423374 a composite number?
True
Is 1533711419 a prime number?
True
Is 680917 prime?
True
Is 4756434301 composite?
True
Is 1374912782 a prime number?
False
Is 11585219435 composite?
True
Is 487377587 prime?
True
Is 750272293 a prime number?
False
Is 2634519145 a composite number?
True
Is 102137657 a composite number?
False
Is 3558301243 prime?
False
Is 51190409 a prime number?
True
Is 57944712097 prime?
True
Is 134421884291 a prime number?
True
Is 34610914435 composite?
True
Is 2277671881 a composite number?
True
Is 15848822603 prime?
True
Is 3745033793 a composite number?
True
Is 5886209179 composite?
False
Is 1402490503 a composite number?
False
Is 112531637 a composite number?
False
Is 1202146879 a composite number?
True
Is 4613367377 a prime number?
False
Is 4114119809 composite?
False
Is 1619954539 composite?
True
Is 7270718383 composite?
True
Is 14272620563 prime?
True
Is 148988717 a composite number?
False
Is 227769771517 a composite number?
False
Is 4763440793 composite?
False
Is 84848383309 a composite number?
True
Is 7119383197 composite?
True
Is 503944937 a prime number?
True
Is 591220657 prime?
True
Is 200490737 a prime number?
True
Is 1115156831 composite?
True
Is 8582723899 prime?
True
Is 186268009 prime?
True
Is 3636407 composite?
True
Is 298768823 prime?
True
Is 4996031 composite?
True
Is 1743119293 a prime number?
False
Is 69341311409 a composite number?
True
Is 344198207 a prime number?
True
Is 7372457815 a composite number?
True
Is 492839663 a prime number?
False
Is 2111926547 composite?
False
Is 9676231637 prime?
True
Is 1071053713 a prime number?
True
Is 392147881 prime?
False
Is 629114743 a composite number?
True
Is 1095667631 composite?
False
Is 2796362993 composite?
True
Is 1175040611 composite?
False
Is 6183569153 a prime number?
True
Is 1551319109 composite?
True
Is 24410000507 prime?
True
Is 67853892269 prime?
False
Is 422193829 a composite number?
True
Is 796361707 a composite number?
True
Is 1483981943 a composite number?
False
Is 23921911347 a prime number?
False
Is 1160101801 prime?
True
Is 9380329561 a composite number?
True
Is 18407701217 prime?
True
Is 343493699 composite?
False
Is 44857232619 a composite number?
True
Is 3678919171 prime?
True
Is 425399829 prime?
False
Is 2744849873 a composite number?
False
Is 4776386707 prime?
False
Is 4311572107 a composite number?
True
Is 10485715943 a prime number?
False
Is 2287257433 prime?
False
Is 16954416197 a prime number?
True
Is 986161963 composite?
True
Is 11529394421 a prime number?
True
Is 11954122571 a composite number?
False
Is 3524767609 a composite number?
True
Is 7348019377 a prime number?
False
Is 78342971723 composite?
False
Is 1283984509 a prime number?
True
Is 16680471881 composite?
True
Is 402967221 a prime number?
False
Is 18114673243 prime?
True
Is 4605520937 a composite number?
False
Is 2044177453 a composite number?
True
Is 978313351 a prime number?
True
Is 64067632249 prime?
True
Is 750728999 a composite number?
False
Is 11306271943 a prime number?
False
Is 1296064883 composite?
False
Is 1308232073 prime?
True
Is 2919116573 a prime number?
True
Is 26508622919 a prime number?
True
Is 144799700366 a composite number?
True
Is 573951071 a prime number?
False
Is 27032014639 a prime number?
False
Is 2515401973 composite?
True
Is 79301501 a composite number?
False
Is 3978319111 prime?
False
Is 1852257259 composite?
True
Is 1262702041 a composite number?
True
Is 583269937 prime?
True
Is 107258786 composite?
True
Is 2627042615 composite?
True
Is 3302774173 prime?
True
Is 2120993527 prime?
False
Is 7645332287 composite?
True
Is 2869745353 prime?
True
Is 45191737 a prime number?
True
Is 35245123 a composite number?
False
Is 8997472957 prime?
False
Is 2689370137 a prime number?
True
Is 1590270691 a composite number?
False
Is 2094405629 a prime number?
False
Is 721151153 a composite number?
True
Is 43942676471 a prime number?
False
Is 951072091 a prime number?
False
Is 31730067169 prime?
True
Is 1381802843 composite?
False
Is 4379485961 composite?
False
Is 5795721391 a composite number?
True
Is 231516241663 a composite number?
True
Is 31797323167 composite?
True
Is 2384599963 composite?
False
Is 1936023029 a composite number?
False
Is 305789213 composite?
True
Is 476056080073 a composite number?
True
Is 524989417 composite?
True
Is 1276544419 a composite number?
False
Is 161347541 a prime number?
True
Is 28176319814 prime?
False
Is 18398129 composite?
False
Is 5720205899 a prime number?
False
Is 475120627 a prime number?
True
Is 16232912303 prime?
True
Is 154074672623 a composite number?
True
Is 98345544001 composite?
True
Is 96747739 composite?
True
Is 5550986365 prime?
False
Is 6197495827 composite?
False
Is 1182019511 prime?
False
Is 40622997859 a composite number?
False
Is 355742341 composite?
True
Is 219388087 prime?
True
Is 2806154209 prime?
False
Is 2526553037 a prime number?
True
Is 565805519 a composite number?
True
Is 12778543643 prime?
False
Is 53123551301 prime?
False
Is 10365265271 composite?
False
Is 1750036721 a composite number?
True
Is 7667883383 prime?
True
Is 6984643199 prime?
True